be (12/4 + -37)/2. Let j = k - -37. Let c = j + 9. List the prime factors of c.
29
Suppose 0 = 7*w + 17463 - 52932. List the prime factors of w.
3, 563
Let y = -323 - -461. What are the prime factors of y?
2, 3, 23
Let i(f) = -f + 18. Let a be i(16). Let q = a + 28. Let x = q + -1. List the prime factors of x.
29
Let y(d) = 134*d - 2. Let k(p) = p - 2. Let f be k(3). What are the prime factors of y(f)?
2, 3, 11
List the prime factors of (2 + 30/(-5))/((-1)/62).
2, 31
Suppose 3*b - 2 - 28 = 0. Suppose -k = -3*v - b, -5*v - 2*k = -3*v + 12. Let w = v + 14. What are the prime factors of w?
2, 5
Let s be ((-21)/12 - -2) + 603/(-12). Let z = s - -59. What are the prime factors of z?
3
Let r = -2488 + 4858. List the prime factors of r.
2, 3, 5, 79
Let y(s) = -69*s**3 - 8*s**2 - 26*s - 24. List the prime factors of y(-4).
2, 3, 7, 13
Suppose -3210 - 30110 = -8*j. What are the prime factors of j?
5, 7, 17
Suppose 0 = -3*y - 4*v - 11, -2*v - 2*v = 4*y + 12. Let j be y*16*(-10)/4. What are the prime factors of (-2)/(-8) + 190/j?
5
Let a be (-1 - (-4)/6)*-9. Suppose a*i + 21 = -p, 4*i - 5*p + 13 = 4. List the prime factors of (1 + 6)*i/(-2).
3, 7
Let g(r) = -2*r - 31. Let i be g(-18). Suppose i*q - 1379 - 61 = 4*y, 4*q + y = 1131. What are the prime factors of q?
2, 71
Let n(a) = 9*a - 44. Let s be n(6). What are the prime factors of 1/((-6)/(-44))*315/s?
3, 7, 11
Suppose 45*l - 8880 = 29*l. What are the prime factors of l?
3, 5, 37
Suppose -11 + 8 = -c. Suppose 0*p + w = c*p - 337, -4*p + 446 = 2*w. List the prime factors of p.
2, 7
Suppose 5*d - k - 7 = -0*k, 2*k - 6 = 0. Suppose z = -3*p + 25, 89 = 4*z - z + d*p. What are the prime factors of z?
31
Suppose 0 = 2*k - k - 13. Let p = 39 + k. List the prime factors of p.
2, 13
Let a = 25 - 21. Suppose -a*o + 121 = -79. What are the prime factors of o?
2, 5
Let u(g) = 8 + g**2 + 3*g**2 - 7*g - 3*g**2. Suppose 12*c - 5 = 103. List the prime factors of u(c).
2, 13
Let r(c) = 39*c**2 + 62*c + 254. List the prime factors of r(-4).
2, 3, 5, 7
Suppose 27372 = -43*h + 49*h. List the prime factors of h.
2, 2281
Let m = 81 + -78. Suppose 0*h = m*h - 72. List the prime factors of h.
2, 3
Suppose 3*c = -12*z + 10*z + 88, 2*c - 56 = -2*z. What are the prime factors of c?
2
Suppose -4*q = -3*q - 185. Let y = q + -129. List the prime factors of y.
2, 7
What are the prime factors of ((-366415)/380)/(1/(-4))?
7, 19, 29
List the prime factors of (6 + -12)/18*-1746.
2, 3, 97
Let w(m) = -m**3 - 11*m**2 + 16*m - 1. Let y be w(-13). Suppose 4*x + y + 15 = 3*a, 240 = 5*a + x. What are the prime factors of a?
2, 3
Suppose 2*p + 0*l = 4*l + 260, -l = 5*p - 639. Suppose 0 = -u - y + 110 + 19, 0 = u + 2*y - p. List the prime factors of u.
2, 5, 13
Let k = 2815 - 1499. What are the prime factors of k?
2, 7, 47
Let b(f) = f + 6. Let k be b(-5). Let g(h) = 2*h - k + h - h - 3*h**3 + 23*h**3. List the prime factors of g(1).
3, 7
Let p(i) = 4*i - 4. Let m be p(3). Suppose 2*y = 4*h - 52, 0 = 4*h - 3*h - 3*y - m. List the prime factors of h.
2, 7
Suppose 4*l + 12 = 0, a - 2*l = 2*l + 4. Let y = a + 11. Suppose 3*h + 5*v = 46, -3*h - y*v + 47 = v. What are the prime factors of h?
17
Let z be 16 + (1 - 3 - -4). Suppose -4*x + 4*p - 2*p + z = 0, 0 = -4*x - 5*p - 17. Suppose -4 + 26 = x*v. What are the prime factors of v?
11
Let n be 1*(2 + -4 + 2). Suppose 3*x + 2*r - 46 = n, -2*x + 19 = r - 12. What are the prime factors of x?
2
Suppose s = -2*t + 7, 2*s - 5*t = 3 + 2. Suppose 4*j - 5*v = 33, v - 69 = -s*j - 2*v. What are the prime factors of 310/j - 8/(-48)?
2, 13
Suppose 0 = -5*c - 3*o + 10, 10 = -3*c - 9*o + 4*o. Let w(t) = -t**2 + 6*t - 4. Let j be w(c). What are the prime factors of 44 + 6/(-2)*j?
41
Suppose -44 - 51 = -5*v - 2*h, -20 = 4*h. Let d = v - 10. What are the prime factors of d?
11
Let p(j) = -4*j - 16. Let v be p(-4). Suppose 12 = -v*r - 4*r, -2*r = -3*b + 405. What are the prime factors of b?
7, 19
Suppose -6 = 3*r - r, 4*b = -3*r - 73. Let a(f) be the second derivative of -f**5/20 - 4*f**4/3 - 5*f**3/6 - 5*f**2 + 5*f. What are the prime factors of a(b)?
2, 5, 7
Let b(v) = -v**3 - 5*v**2 - 7*v - 9. Suppose -13*z - 20 = -8*z. What are the prime factors of b(z)?
3
Suppose 140*d - 47124 = 122*d. What are the prime factors of d?
2, 7, 11, 17
Suppose 2*x + 5*t + 1 = 0, 71 + 6 = -4*x + 5*t. Let q = -2 - x. Let i = 13 - q. List the prime factors of i.
2
Let h(i) = i**2. Let r(z) = 5*z + 8. Let y(m) = -m**3 - 8*m**2 - 6*m + 6. Let f be y(-7). Let u(x) = f*r(x) + h(x). List the prime factors of u(7).
2, 3
Let r = -62 - -483. Let q = r - 183. List the prime factors of q.
2, 7, 17
Let k = 85 + -81. Suppose -v + k*g = -19, v - 3*g + 2*g - 16 = 0. What are the prime factors of v?
3, 5
Let p(k) = 13*k**2 + 3*k**2 - 20*k + 1 - 3 + 19*k. What are the prime factors of p(-2)?
2
Let v(a) = 5*a - 151. List the prime factors of v(40).
7
Let c be -1*((-16)/56 + 12/(-7)). Suppose c*p = -4*p + 576. List the prime factors of p.
2, 3
Let n(b) be the first derivative of 2*b**3 + b**2/2 - 2*b + 2. What are the prime factors of n(3)?
5, 11
Let p = -97 - -103. Suppose -b - 4*m = -181, 3*m = 5*b - p*b + 176. List the prime factors of b.
7, 23
What are the prime factors of (-2 + (-28)/(-12))/(4/8676)?
3, 241
Suppose -24*c - 169100 = -124*c. List the prime factors of c.
19, 89
Let x(u) = -u**3 - 7*u**2 + 7*u - 6. Let h be x(-8). Let l be 34/h + 36/(-12). Let c = 17 - l. What are the prime factors of c?
3
Suppose 138*j = 131*j + 27881. List the prime factors of j.
7, 569
Suppose 40 = -3*w + 11*w. Suppose 3*d - 8 + w = 0. List the prime factors of 1*(36 - d) - 2.
3, 11
Let d(j) = -j**2 - 7*j + 2. Let w be d(-6). Let z be (w - 4) + 1*-2. Suppose -3*a - 2*a + 79 = -b, z*b + 8 = 0. What are the prime factors of a?
3, 5
Let j(b) = -b**3 + 12*b**2 + 2*b - 6. Let k be 9/(-6) - 81/(-6). What are the prime factors of j(k)?
2, 3
Let j be (-6)/(-21) + (-2164)/28. List the prime factors of -2 - (-5 + 3 + j).
7, 11
Let m be (-24)/(-18) - 5/15. Suppose -m = f, n = 4*n - 4*f - 211. List the prime factors of n.
3, 23
Let v(l) = -l**2 - 9*l + 20. Let y be v(-10). Let d(a) = -a**2 + 19*a + 21. List the prime factors of d(y).
3, 37
Let j be -81*(4/3 + 0). What are the prime factors of j/(-10)*(-15)/18*-6?
2, 3
Let a(x) = 2*x - 9. Let b be a(-5). Let y = b - -21. What are the prime factors of y?
2
Suppose 2*y - 6 = 4*s - 0*y, 0 = -3*y + 3. List the prime factors of (1*s)/(3/(-69)).
23
Let z(m) = m**2 + 6*m + 16. Let k be z(10). Let s = k - 45. List the prime factors of s.
131
Suppose 15*a - 8654 = -194. List the prime factors of a.
2, 3, 47
Let q be (-22)/(-5) + 12/(-30). Suppose -i + 26 = 5*b, -2*i - 2*i + q = 0. Suppose -b*u - 10 = 5*r, 2*r = -3*r - 20. List the prime factors of u.
2
What are the prime factors of 1*(4 + -10 + 1675)?
1669
Let f = -290 + 777. What are the prime factors of f?
487
Suppose 0 = -3*f + 3 + 3. Let q(n) = -9*n**2 + 2*n**3 - 25 - 3*n**3 + f*n**3 - 8*n + 11. List the prime factors of q(10).
2, 3
Suppose 21*c - 5581 = 18086. List the prime factors of c.
7, 23
Let b = -149 + 305. List the prime factors of (b/(-15))/((-6)/45).
2, 3, 13
Let s = -217 + 1402. List the prime factors of s.
3, 5, 79
Suppose o + 0*o = -2*v - 127, 8 = 2*v. Let q be o/(-9) + -2*1. Suppose -q*i - 132 = -16*i. What are the prime factors of i?
2, 11
Let l = -8 + 6. Let a be (l + 1)/(4/(-92)). Suppose a = 2*f + 4*c - 43, -3*c = 5*f - 144. What are the prime factors of f?
3
Let q(f) = -f**3 + 2*f**2 - f + 2. Let k be q(2). Suppose -3*y - 4*d - 19 = k, -y - 5*d - 15 = y. Let p = 2 - y. List the prime factors of p.
7
Suppose o + q - 2 = 0, 2*o + 2*q - 4*q = 4. What are the prime factors of 0/o + 9344/32?
2, 73
Let b(n) = 5*n - 5. Let l be b(2). Suppose l*w = 100 + 20. What are the prime factors of w?
2, 3
Let l be 4/20*277 + 6/(-15). Let w = -53 + l. List the prime factors of w.
2
Suppose -3*s = -0*s + 2*c - 4641, 2*c = 2*s - 3094. What are the prime factors of s?
7, 13, 17
Suppose -2*y + 981 = 7*y. Let k = y + -66. List the prime factors of k.
43
Let s(k) = -40 + 23 + 5*k**2 - k + 2*k**2 + 18. List the prime factors of s(-2).
31
Suppose 0 = -3*r + 101 - 2. Let n = r - 31. What are the prime factors of (-101 + 5)*n/(-4)?
2, 3
Let x be (4 + 3 + 4)*7. Let z = 10 + x. List the prime